-z + 8 + 15 = 5*v, -5*v = w*z - 29. List the prime factors of v.
2
Let j = 6 + 0. Suppose -42 = -v - 4*n, -5*v + j*v = 3*n + 7. Let x = 40 - v. List the prime factors of x.
2, 3
Suppose -4*s = -0*s - 28. List the prime factors of s.
7
Suppose -2*u - 14 = -4*y, 4*y - 6*u - 16 = -2*u. Let p = y + -1. List the prime factors of p.
2
What are the prime factors of (-1284)/(-54) + (-2)/(-9)?
2, 3
Let r = -31 + 19. Let p = r + 32. What are the prime factors of p?
2, 5
Let k = -10 - -61. What are the prime factors of k?
3, 17
Let n = 5 - 0. Suppose -27 = -5*x + 3*b, -n*b - 17 = x - 0*x. Suppose 0 = -x*a - 0*a + 30. What are the prime factors of a?
2, 5
Let k be 0 + -2 - -28*2. Let q = 76 - k. Suppose 0 = 3*s - s - q. What are the prime factors of s?
11
Suppose 0 = -2*t + 4*k + 18, 2*k - 24 = -4*t + 6*k. Suppose x - 5 + t = 0. List the prime factors of x.
2
Suppose -3*s = -2*k + 3, 1 - 17 = -4*k - 4*s. Suppose -k*d = -0*d - 3*r - 33, 5*d - 90 = -2*r. Let m = -6 + d. What are the prime factors of m?
2, 5
Let d be 1/(93/45 - 2). Suppose -2*u + 19 = -s - d, 54 = 2*u + 4*s. What are the prime factors of u?
19
Let y = 8 - 6. Suppose -5*b + 18 = -y*b. List the prime factors of b.
2, 3
Let w(i) = -4*i**3 - 2*i**2 + 3*i**3 - 11*i - 5 + 14*i**2. Let n be w(11). Let j = n - -8. What are the prime factors of j?
3
Let l(b) be the third derivative of 0 + 1/60*b**5 - 1/24*b**4 + 7/3*b**3 + 0*b - 1/120*b**6 + b**2. What are the prime factors of l(0)?
2, 7
Suppose 3*a + 3*z = 198, -3*a = -2*z - 294 + 71. What are the prime factors of a?
71
Let l = 5 - -10. Let m = -4 + l. List the prime factors of m.
11
List the prime factors of (7 - 4) + 334 + -3 + 3.
337
Suppose -4*t + 5 - 1 = 0. Let v be 17 + (-2 - -3 - t). Let q = v - 9. List the prime factors of q.
2
Let w be 18/(-9) - (-1 + -3). Suppose w*q + 30 = 74. What are the prime factors of q?
2, 11
Let t = 150 - 137. List the prime factors of t.
13
Let z = -4 + 6. Let r = 4 + z. Let y = 15 - r. List the prime factors of y.
3
Suppose -2 = -x + 2*x. Let z(v) = 10*v**2 + 3*v + 3. List the prime factors of z(x).
37
Suppose t + 95 = 5*z, -3*z - 3*t - 45 = -6*z. List the prime factors of z.
2, 5
Suppose -8 = 4*w - 4*i, -4 - 4 = -2*i. Suppose 3*r - 52 = w*r. Suppose -2*u + r = 2*u. List the prime factors of u.
13
Suppose 5*q = -c + 26, 117 = 5*c - 4*q - 100. Suppose 2*i = u + 25, 2*u - c = -4*i + i. List the prime factors of i.
13
Let y = 7 - 2. Let s = y + -6. What are the prime factors of (-7)/(21/(-30)) + s?
3
Let z = 170 + -76. What are the prime factors of z?
2, 47
Let n(s) = 268*s**2 + 3*s + 3. List the prime factors of n(-1).
2, 67
Let d be 169/4 + (-5)/20. Let z = d - 18. Suppose -5*m + z = -6. List the prime factors of m.
2, 3
Let l = -15 + 29. Let h(y) = 2*y**2 - 5*y - 4. Let q be h(4). Let u = l - q. List the prime factors of u.
2, 3
Suppose 0*n = -3*n - p + 2, -4*n + 20 = -3*p. Suppose v = 2 + n. What are the prime factors of v?
2
Suppose 5*j = j. What are the prime factors of 18/(j - (-1 + -1))?
3
Let j(r) = -6*r**3 - 16*r**2 - 5*r + 26. Let t(k) = -k**3 - k - 3*k**2 + 8 - 3 + 0*k**3. Let q(u) = -2*j(u) + 11*t(u). What are the prime factors of q(0)?
3
Let l = -27 + 40. Suppose -19 = 2*r - v, 2*r + 4*v = 3*v - 13. Let n = l + r. List the prime factors of n.
5
Let s(w) = -w**3 - 8*w**2 - 7*w + 2. Let a be s(-7). Suppose a*d = -3*d + 125. List the prime factors of d.
5
Suppose 5*d - 72 - 93 = 0. List the prime factors of d.
3, 11
Suppose 2*c = -2*u + 46, -4*u - 26 + 148 = -2*c. Suppose 5*f - 4*j - 32 = 0, -2*f = f + 2*j - u. What are the prime factors of f?
2
Let n(q) = q**2 + 5*q + 3. Let c be n(-5). Let i(l) = -3*l - l - 4 + c*l - 5. What are the prime factors of i(-12)?
3
Suppose -2*o = -o - 20. What are the prime factors of (o/8)/(1/2)?
5
Suppose 0 = -5*r + 13 + 2. Let j(b) = 4*b**r - 3*b**3 - 3*b**2 - 1 + 0*b**3 - b. What are the prime factors of j(4)?
11
Let d = -6 + 5. List the prime factors of d/(402/135 + -3).
3, 5
Suppose 4*v - 6 = 3*k - 16, 3*k = 2*v + 2. Let r = 4 + k. Suppose -6 + 2 = -r*u. List the prime factors of u.
2
Suppose -l + 23 + 18 = 0. What are the prime factors of l?
41
Let x(y) = y - 7. Let u be x(6). Let s be 56/(-6) - u/3. Let r = s + 18. What are the prime factors of r?
3
Let h = -5 - -36. Suppose -5*d + h = -14. Suppose -2*t - 1 = -d. What are the prime factors of t?
2
Let t = -4 + 4. Suppose t = g - 4*g + 54. List the prime factors of g.
2, 3
Let o be -2 - 2*-12 - 0. Suppose 9 = 3*a, 5*d + 0*a - o = -4*a. Suppose 3*t + 1 = -2*g, 3*t = d*g - 3*g - 5. List the prime factors of g.
2
Suppose -3*d + 5*d - 88 = 0. List the prime factors of d.
2, 11
Let x = 117 + -63. What are the prime factors of x?
2, 3
Let n(p) = -p**2 + 3 + 0*p - 3*p - 8*p. List the prime factors of n(-8).
3
Let o = -1 - -3. Suppose -5*w - 5*z = -o*z - 28, -3*z = -2*w + 7. List the prime factors of w.
5
Let p(m) = 4*m + 5 - m**2 - 15*m - 4. List the prime factors of p(-9).
19
Let y(z) be the second derivative of -7*z**3/6 - 6*z. What are the prime factors of y(-4)?
2, 7
Suppose -8*x = -10*x + 10. Let u = -1 + x. List the prime factors of u.
2
Let b = 11 + -19. Let k = b - -6. List the prime factors of k/(1*(-4)/30).
3, 5
Let n = -42 - -68. List the prime factors of n.
2, 13
List the prime factors of (-115)/(-1) - 0/(-18).
5, 23
Let m(z) = z**2 + 12*z + 13. Let t be m(-11). Suppose 2*l + t*l - 24 = 0. What are the prime factors of l?
2, 3
Suppose 5 - 1 = 2*h. Suppose 52 - 6 = h*i. Suppose u - 17 = -n - 0*u, 0 = -n - 3*u + i. List the prime factors of n.
2, 7
Let b be (-6)/21 + (-242)/(-14). Suppose -k = -3*d - b, -k - 4*k = -d - 71. What are the prime factors of k?
2, 7
Let c(r) = 3*r + 5. Let w be c(-2). List the prime factors of (3/w)/(3/(-12)).
2, 3
Suppose 0 = 3*p + y - 7, 9*y - 6*y = -4*p + 11. Let s(h) = p*h + 3 + h - 3*h**2 - 1 + 7*h**2. What are the prime factors of s(-2)?
2, 3
Let g(p) = -p**3 + p - 1. Let y be g(1). Let u = -5 - -6. What are the prime factors of u + y - 8*-1?
2
Let x(u) = 5*u**2 + 9*u + 12. List the prime factors of x(-4).
2, 7
Let s(o) = 4*o - 11. Let t = 0 - -5. List the prime factors of s(t).
3
Suppose n = -n - 8, -22 = -b + 4*n. Suppose -3*x = 2*m + b, -x = -0*m - m + 2. Suppose r - 5*d - 4 = m, -4*r + 16 = 2*d - d. What are the prime factors of r?
2
Let h = -7 + 15. Let x = h + 2. List the prime factors of x.
2, 5
Suppose 112 = 3*s + d, -s - d + 44 = d. List the prime factors of s.
2, 3
Let f(b) be the first derivative of -b**3/3 + 4*b**2 - b - 2. Suppose -3*y = 7 - 25. List the prime factors of f(y).
11
Suppose 3*g = -5*f - 589 + 112, 644 = -4*g - 4*f. Let o be 1/(-4) + g/(-16). Suppose 2*v - 26 = o. What are the prime factors of v?
2, 3
Let v(u) = 9*u**2 + u - 1. What are the prime factors of v(2)?
37
Let d(i) = 0*i + i + 3 - 1. Let k be d(4). Suppose 0 = -k*s + s + 45. What are the prime factors of s?
3
Let z(q) = q - 2. Let d be z(3). What are the prime factors of (3/(9/129))/d?
43
Let f(g) = -g**2 - 12*g - 7. Suppose 4*w - 4 = -4*m, 3*w - m - 5 = 10. Suppose 0 = w*o + 35 + 9. List the prime factors of f(o).
2
Let n = -6 + 13. Let f = n + -9. List the prime factors of (f + 21 - 3) + 0.
2
Let g = 5 - -7. Let p = -7 + g. List the prime factors of p.
5
Let p be 19 - 3 - (2 + -1). Suppose -3*d - p = 3*a, -a = -0*a + 1. Let q = 9 + d. What are the prime factors of q?
5
Suppose 0*m = 4*m - 80. Suppose -p + 3*a = 1 - 5, 5*p - m = -5*a. Suppose 5*w = j + 98, -3*w + p*j - 26 = -5*w. What are the prime factors of w?
19
Suppose 0 = -3*h - 2*t - 3*t + 158, 3*t = -4*h + 229. What are the prime factors of h?
61
Suppose 73 = 5*s + 23. What are the prime factors of s?
2, 5
Let k = 16 - -145. What are the prime factors of k?
7, 23
Suppose 135 = 4*k - k. What are the prime factors of k?
3, 5
Suppose -3*d + 13 = -4*u, 3*d - 16 = 4*u - d. List the prime factors of 6*(u + 36/8).
3, 7
Let i(d) = d + 6. Let j be i(6). Let c = -1 + j. List the prime factors of c.
11
Suppose 0 = 2*w - 0 + 2. Let a = w - -2. Let f = 5 + a. What are the prime factors of f?
2, 3
What are the prime factors of (-1 + -56)*(-18)/27?
2, 19
Suppose 0 = 4*m - 4*p - 36, 0 = -0*p + 2*p + 10. Suppose -35 = -4*o - 3*q - 12, -3*o + 2*q - m = 0. List the prime factors of o.
2
Suppose -3*j - 3 = -4*v, -2*v + 6*v + 12 = 0. Let i(z) be the first